{"id":642,"date":"2024-03-10T14:24:21","date_gmt":"2024-03-10T13:24:21","guid":{"rendered":"https:\/\/shop2024.idokep.hu\/?post_type=product&#038;p=642"},"modified":"2024-03-10T14:27:29","modified_gmt":"2024-03-10T13:27:29","slug":"homerohaz","status":"publish","type":"product","link":"https:\/\/shop.idokep.hu\/?product=homerohaz","title":{"rendered":"H\u0151m\u00e9r\u0151h\u00e1z"},"content":{"rendered":"<p>C\u00e9lja, hogy a m\u0171szert megv\u00e9dje a direkt sug\u00e1rz\u00e1st\u00f3l \u00e9s a csapad\u00e9kt\u00f3l, z\u00e1rt t\u00e9rben, k\u00f6zben biztos\u00edtva a szell\u0151z\u00e9st is.<\/p>\n<p>Elhelyez\u00e9se: a h\u0151m\u00e9r\u0151h\u00e1z alj\u00e1nak (legals\u00f3 t\u00e1ny\u00e9rj\u00e1nak) 1,9 m\u00e9teres magass\u00e1gban kell lennie, ezzel biztos\u00edtva a benne tal\u00e1lhat\u00f3 szenzorok hiteles magass\u00e1gi elhelyez\u00e9s\u00e9t.<\/p>\n<p>Minden esetben f\u00fcves, z\u00f6ld n\u00f6v\u00e9nyzettel bor\u00edtott ter\u00fclet felett kell elhelyezni, messze a kavicsos, betonos ter\u00fclett\u0151l.<\/p>\n","protected":false},"excerpt":{"rendered":"<p>C\u00e9lja, hogy a m\u0171szert megv\u00e9dje a direkt sug\u00e1rz\u00e1st\u00f3l \u00e9s a csapad\u00e9kt\u00f3l, z\u00e1rt t\u00e9rben, k\u00f6zben biztos\u00edtva a szell\u0151z\u00e9st is.<\/p>\n","protected":false},"featured_media":643,"template":"","meta":[],"product_brand":[],"product_cat":[113],"product_tag":[],"class_list":{"0":"post-642","1":"product","2":"type-product","3":"status-publish","4":"has-post-thumbnail","6":"product_cat-idojaras-allomasok-es-tartozekok","7":"blog_entry clearfix","9":"first","10":"instock","11":"shipping-taxable","12":"purchasable","13":"product-type-simple"},"_links":{"self":[{"href":"https:\/\/shop.idokep.hu\/index.php?rest_route=\/wp\/v2\/product\/642","targetHints":{"allow":["GET"]}}],"collection":[{"href":"https:\/\/shop.idokep.hu\/index.php?rest_route=\/wp\/v2\/product"}],"about":[{"href":"https:\/\/shop.idokep.hu\/index.php?rest_route=\/wp\/v2\/types\/product"}],"wp:featuredmedia":[{"embeddable":true,"href":"https:\/\/shop.idokep.hu\/index.php?rest_route=\/wp\/v2\/media\/643"}],"wp:attachment":[{"href":"https:\/\/shop.idokep.hu\/index.php?rest_route=%2Fwp%2Fv2%2Fmedia&parent=642"}],"wp:term":[{"taxonomy":"product_brand","embeddable":true,"href":"https:\/\/shop.idokep.hu\/index.php?rest_route=%2Fwp%2Fv2%2Fproduct_brand&post=642"},{"taxonomy":"product_cat","embeddable":true,"href":"https:\/\/shop.idokep.hu\/index.php?rest_route=%2Fwp%2Fv2%2Fproduct_cat&post=642"},{"taxonomy":"product_tag","embeddable":true,"href":"https:\/\/shop.idokep.hu\/index.php?rest_route=%2Fwp%2Fv2%2Fproduct_tag&post=642"}],"curies":[{"name":"wp","href":"https:\/\/api.w.org\/{rel}","templated":true}]}}